**2 - q + 1. Let z(y) = -6*f(y) - k(y). Calculate z(-5).
10
Let z = 5 - 1. Suppose -12 = -z*q + 8. Suppose 0 = m - 3*v - 6, 3*m + q*v = -19 - 5. Let x(j) = j**2 + 3*j - 1. Determine x(m).
-1
Let h be (-11)/3 - 10/30. Let k(b) = 2*b**2 + 5*b - 1. Determine k(h).
11
Let k(m) = 3*m + 36. Let b be k(-10). Let r(n) = n**3 - 7*n**2 + 6*n + 2. Calculate r(b).
2
Let p(r) = r**3 - 2*r**2 - 3*r + 2. Let g be p(3). Let h be (0 - 2) + 0 - g. Let n(k) = 2*k + 4 - 1 - k. Give n(h).
-1
Let p(b) be the third derivative of -b**8/6720 + b**7/2520 + b**6/360 - b**5/40 - b**4/12 + 3*b**2. Let z(d) be the second derivative of p(d). Determine z(2).
-3
Let j(n) = -2 - 4 + 0 + 4*n + 4. Suppose -v + 0*v = -3. Suppose u = y, v*y - 12 = u - 4*u. Determine j(u).
6
Let g = 11 - 9. Suppose -5*i + 3*i - g = 0. Let h(n) = -9*n**3 + 2*n + 1. What is h(i)?
8
Let w(p) be the third derivative of -p**5/60 - p**4/6 - p**3/6 - 2*p**2. Give w(-3).
2
Let h(r) = r**3 + 5*r**2 + 2*r - 2. Let v(u) = -u**3 - 5*u**2 - u + 2. Let s(g) = -2*h(g) - 3*v(g). Let n be -1*(0 + 1 - -4). Give s(n).
3
Let i(p) = -2*p**2 - 3*p + 5. Let h(w) = -w**2 - w + 2. Let u(g) = -5*h(g) + 3*i(g). Determine u(-4).
5
Let a(u) be the second derivative of u**5/20 - u**4/6 + u**2/2 + 7*u. Calculate a(2).
1
Let q(s) = 8*s + 0 + 2 + 3 + s**3 - 5*s**2 - 2. Let x = 6 + -3. Let d(k) = -3*k**3 + 15*k**2 - 23*k - 8. Let t(g) = x*d(g) + 8*q(g). What is t(4)?
-4
Suppose -4*n = 4*t - n - 20, 5*t + 4*n - 25 = 0. Suppose 4*m + 1 - t = 0, -2*l + 2*m - 12 = 0. Let o(y) = y - 1. Calculate o(l).
-6
Suppose 10*t - 4 = 6*t. Let d(m) = -9*m - 9. Let w(v) = 5*v + 5. Let j(r) = -6*d(r) - 11*w(r). Let g(a) = 2*a + 10. Let i(o) = t*g(o) + 6*j(o). Determine i(3).
-8
Let h(c) be the second derivative of c**7/840 + c**6/120 + c**5/60 + c**4/12 - 2*c**3/3 - 2*c. Let m(b) be the second derivative of h(b). Calculate m(-3).
-4
Let g(b) be the first derivative of b**3/3 - b**2/2 + 3*b - 1. Let j = -33 + 48. Suppose -16*c + j*c = 0. What is g(c)?
3
Let s(g) = 3*g**2 + g - 1. Let l(j) = -4*j - 4. Let n be l(-3). Suppose 3*d = -4*t + 11, -4*d + t = 3*t - n. Calculate s(d).
3
Let i(l) = -2*l**3 - 3*l - 4. Let d(j) = -5*j**3 + j**2 - 10*j - 11. Let w(u) = 3*d(u) - 8*i(u). Calculate w(-4).
7
Let p(w) be the third derivative of -w**5/60 + 7*w**4/24 + 4*w**3/3 + 16*w**2. What is p(9)?
-10
Let c(n) = -n**2 + 7*n - 5. Let y = 52 + -46. Calculate c(y).
1
Let d(w) = -w**2 - w. Let c be 1/(((-7)/14)/((-5)/2)). Determine d(c).
-30
Let w(b) = -b**3 + 6*b**2 + 7*b - 4. Suppose 2*i - 16 = -2*m, -3*i + 2*m + 19 = -0*i. What is w(i)?
-4
Let q(a) be the first derivative of 2*a**3/3 - 3*a**2/2 + 3*a - 6. What is q(3)?
12
Let y be (-58)/(-18) + (-12)/54. Let w(x) = 4*x**y - 4*x**3 + x**3 + 2*x - 9*x**2 + 4*x**2 + 1. Determine w(3).
-11
Let d(s) = -6*s**2 + 1. Let g(v) = 3*v + 58. Let y be g(-19). Calculate d(y).
-5
Let m(a) = -a**2 - a - 4. Suppose 2*x + 10 = 6*x - 2*j, -x = 3*j + 15. What is m(x)?
-4
Let k(p) = -p**3 + p**2 - p. Let o = 6 + -1. Suppose -o*z + 10 = 3*l - l, 2*l + 4 = 2*z. Give k(l).
0
Let p(d) = d**3 - 6*d**2 - 3. Let n = 16 - 10. Calculate p(n).
-3
Suppose 5 = -2*k + 21. Let g(c) = -c**2 + 11*c - 9. Calculate g(k).
15
Let d be (-14)/(-4)*(-60)/(-35). Let v(k) = -k**2 + 5*k. Calculate v(d).
-6
Let u(v) = v**2 - v + 11. Let o be ((-22)/(-33))/(2/9). Suppose -5*m - 20 = -5*j, o*m - 2*j + 8 = -m. What is u(m)?
11
Let t(j) = j**2 - 2*j - 2. Let f(p) = p**3 - 6*p**2 + 4. Let u be f(6). Suppose 0 = 3*m + 2 + u. Let z(h) = -h + 2. Let w be z(m). Determine t(w).
6
Let b(y) = -10*y**3 + y**2 + y + 1. Let w(s) = -s**2 - 11*s + 25. Let p be w(-13). Determine b(p).
11
Suppose -4*m + m + 15 = 0. Let t be (-2 + m/2)*-2. Let g(s) be the first derivative of 3*s**2/2 + s + 34. Determine g(t).
-2
Let r(t) = 2*t + 3*t - 5 - 6*t. Let d be ((-10)/(-2) - 2)/1. Suppose 3*h + 4*y + 11 = 0, d*y - 18 = 4*h - h. What is r(h)?
0
Let l(x) be the first derivative of x**5/30 - x**4/12 - x**3/3 + 2*x**2 + 4. Let r(h) be the second derivative of l(h). What is r(2)?
2
Let y = 1 + 1. Let h(c) = c**2 - 2*c + 2. Calculate h(y).
2
Let y be -17 - -2 - (1 + 3). Let f = y - -24. Let z(s) = s**3 - 4*s**2 - 4*s + 6. Determine z(f).
11
Suppose 4*g + w + 7 = -2, -17 = -3*g + 4*w. Let b be -2 + g/(-1) + 1. Let t(i) = b*i - 4*i - 1 + 3*i. Give t(-1).
0
Let x(t) be the first derivative of -t**3/3 - t**2/2 + t - 4. Calculate x(2).
-5
Let p(i) be the third derivative of 3*i**2 - 1/40*i**5 + 0*i - 1/3*i**3 + 1/24*i**4 + 0. Let y(o) be the first derivative of p(o). Determine y(1).
-2
Let g(i) be the first derivative of 3*i**2 - i + 1. Suppose -3*x = 3 - 0. Let p be (x/(-2))/(4/8). Calculate g(p).
5
Suppose -5*o + 9 = -0*d + 2*d, -4*o = 5*d - 31. Let g(f) = d - 12 + f + 3. Calculate g(5).
3
Let f be 2 - (-1 + (3 - 1)). Let n(a) = 2*a**2 + 2 - a - 2 - f - 1. Calculate n(3).
13
Let c = -28 - -24. Let n(u) = -u**3 - 3*u**2 + 4*u - 2. What is n(c)?
-2
Let b(p) = 4*p + 6. Let s be 45/10*8/(-6). Give b(s).
-18
Let g(a) = a. Let h(s) = 3*s - 1. Let b(f) = g(f) - h(f). Suppose -j - 2 = j. Give b(j).
3
Let j(n) = -n**2 + 4*n + 4. Let t be j(3). Let r(o) = -2*o**2 + t*o**2 + 3 + 0*o**2 + 5*o + 3 - o**3. Give r(6).
0
Suppose u + 6 = 2*w + 2, -8 = -4*u. Let k(i) = -5*i**2 + i - 2*i + 3*i**2 - i**w + 3*i**2. What is k(0)?
0
Let f be ((6/3)/(-1))/(-2). Suppose 0 = 3*g + 2 + f. Let l(j) = 3*j + 1. Calculate l(g).
-2
Let l(k) = 8*k + 1. Suppose -2*r = 3*r + 5. What is l(r)?
-7
Let z(m) be the second derivative of 7*m**5/120 - 5*m**3/6 - 2*m. Let i(k) be the second derivative of z(k). Suppose -u = -1 - 0. Calculate i(u).
7
Let s = 45 - 25. Suppose -s = -3*z - 8. Let p(f) = 4*f**2 - f**2 + f - 4*f**2 + 5. What is p(z)?
-7
Let a(p) be the second derivative of p**5/20 + 5*p**4/12 + p**3/3 - p**2/2 + 6*p. What is a(-3)?
11
Let a(y) = y**3 - 3*y**2 + y + 2. Let b be a(3). Let g(j) be the second derivative of -j**4/12 + 7*j**3/6 - 7*j**2/2 + 6*j. Calculate g(b).
3
Let v(o) = o**2 - 5*o - 5. Suppose w + 3*w = 60. Suppose -4*x - 4*a + 20 = -24, 3*a = w. Give v(x).
1
Let j = -4 - -3. Let x be -1 - (0 - 2/j). Let n(t) = -4*t**2 + t + 2. Let r(o) = -3*o**2 + o + 2. Let h(b) = 4*n(b) - 5*r(b). Give h(x).
-8
Let s(m) = -m**2 + 7*m + 7. Let d = 32 - 25. Calculate s(d).
7
Let w(m) = 2*m**3 - 2*m**2 - 2*m + 1. Let n(c) = 3*c - 4. Let u be n(2). What is w(u)?
5
Suppose d + 0 - 2 = 0. Let w(f) = -5*f**2 + f**2 + 4*f**d + f - f**3 - f**2. Let l(z) = -z - 7. Let c be l(-5). What is w(c)?
2
Suppose 0 = 10*z - 5 - 35. Let l(a) be the first derivative of -a**2 + 3*a - 1. Let f be l(z). Let c(d) = d**3 + 6*d**2 + 5*d - 7. Determine c(f).
-7
Let p(q) = q**3 + 4*q**2 + 2*q - 1. Let c = 2 + 8. Let j = 20 - 15. Suppose c = -j*x - 5. Determine p(x).
2
Let u(j) = 6 + j - 2 + 2*j**2 + 0*j**2 - 4*j**2. Let q(s) = -2*s**2 + s + 3. Let o(f) = -4*q(f) + 3*u(f). Determine o(-1).
3
Let n(j) = -j**3 + 2*j**2 - 3*j - 5. Let p(g) = 4*g**3 - 7*g**2 + 8*g + 16. Let q(f) = 7*n(f) + 2*p(f). Determine q(-3).
-15
Let o(r) = r**2 + 4*r. Let j = -11 - -11. Suppose y + 5*h = -4 - 16, j = y - 2*h - 1. Determine o(y).
5
Let u(j) = -4*j**2 + 5*j - 6. Let g(n) be the first derivative of -5*n**3/3 + 5*n**2/2 - 7*n - 4. Let y(a) = -3*g(a) + 4*u(a). Determine y(3).
3
Let u(f) = 2*f**3 - 2*f**2 + f + 5. Let y(k) = 3*k**3 - k**2 + k + 6. Let v(a) = 4*u(a) - 3*y(a). Let r be (12/18)/(4/(-30)). Calculate v(r).
-3
Let d(w) = -8*w. Let x(u) = u + 5*u**2 + 4*u**3 - u**2 - 3*u**3 + 3. Let z be x(-4). Determine d(z).
8
Let u(f) = 2*f**2 + 3. Let l(b) = -b + 1. Let k(q) = -2*q**2 - 4*q - 3. Let i be k(-2). Let n = 6 - 5. Let m(s) = i*l(s) + n*u(s). Determine m(-2).
2
Let n(o) be the third derivative of -o**5/24 - 5*o**3/6 + 4*o**2. Let j(k) be the first derivative of n(k). Let f(v) = -v + 1. Let w be f(0). Calculate j(w).
-5
Let b(n) = 3*n - 4. Let o(c) = 3*c - 4. Let i(y) = 3*b(y) - 4*o(y). Let l(g) = g**3 - 7*g**2 - 10*g + 4. Let d be l(8). Let f be 10/4*d/(-10). Determine i(f).
-5
Let a(x) = 2*x. Let i be a(1). Suppose -i*f = 2*f - 12. Let v(m) be the third derivative of -m**5/60 + m**4/8 - m**3/2 + 3*m**2. Calculate v(f).
-3
Let l(q) be the third derivative of -1/12*q**4 + 0 + 0*q - 1/3*q**3 + 7*q**2. Determine l(-2).
2
Let h(d) = d**3 - 6*d**2 + 4*d + 1. Let u be (-2)/8 - 6